 7559 is divided by 7189.
370
What is the remainder when 16564 is divided by 5382?
418
Calculate the remainder when 2104044 is divided by 214.
210
What is the remainder when 1727265 is divided by 431757?
237
Calculate the remainder when 118230 is divided by 2318.
12
Calculate the remainder when 322079 is divided by 488.
487
Calculate the remainder when 213318 is divided by 20.
18
Calculate the remainder when 697292515 is divided by 31.
29
Calculate the remainder when 323995 is divided by 835.
15
What is the remainder when 221553 is divided by 1604?
201
What is the remainder when 1382755 is divided by 1382735?
20
What is the remainder when 4201314 is divided by 525141?
186
Calculate the remainder when 482749174 is divided by 4164.
4162
Calculate the remainder when 475904 is divided by 18302.
52
What is the remainder when 80267571 is divided by 2009?
1994
What is the remainder when 192947 is divided by 64279?
110
Calculate the remainder when 1718230 is divided by 67.
15
What is the remainder when 160771 is divided by 57?
31
What is the remainder when 168502438 is divided by 1110?
1108
What is the remainder when 4464933 is divided by 378?
375
Calculate the remainder when 37237 is divided by 1941.
358
Calculate the remainder when 3881674 is divided by 50.
24
What is the remainder when 218719 is divided by 43718?
129
What is the remainder when 318106 is divided by 1731?
1333
Calculate the remainder when 167134077 is divided by 80.
77
What is the remainder when 1165861 is divided by 35?
11
Calculate the remainder when 2925042 is divided by 1462208.
626
Calculate the remainder when 6328682 is divided by 2.
0
What is the remainder when 104406993 is divided by 20881398?
3
What is the remainder when 177386 is divided by 177272?
114
What is the remainder when 34639097 is divided by 302?
301
Calculate the remainder when 440729 is divided by 4417.
3446
What is the remainder when 363100 is divided by 65?
10
Calculate the remainder when 20288657 is divided by 168.
137
What is the remainder when 22008705 is divided by 2585?
15
Calculate the remainder when 18536771 is divided by 9.
2
Calculate the remainder when 188166 is divided by 285.
66
What is the remainder when 99182 is divided by 1987?
1819
Calculate the remainder when 2785442 is divided by 168.
2
Calculate the remainder when 70623 is divided by 35045.
533
What is the remainder when 21332219 is divided by 21?
20
What is the remainder when 68955 is divided by 68954?
1
What is the remainder when 544424 is divided by 544271?
153
Calculate the remainder when 33041 is divided by 33034.
7
Calculate the remainder when 5748022 is divided by 111.
109
What is the remainder when 8666 is divided by 4307?
52
What is the remainder when 120849602 is divided by 185?
17
What is the remainder when 1794268 is divided by 448422?
580
What is the remainder when 27068 is divided by 26988?
80
Calculate the remainder when 56231 is divided by 20.
11
Calculate the remainder when 80663 is divided by 40312.
39
Calculate the remainder when 17578277 is divided by 226.
223
What is the remainder when 5687429 is divided by 159?
158
Calculate the remainder when 153806 is divided by 1901.
1726
What is the remainder when 1700037 is divided by 1889?
1826
Calculate the remainder when 2000983 is divided by 1725.
1708
Calculate the remainder when 115276 is divided by 111.
58
What is the remainder when 969795 is divided by 58?
35
Calculate the remainder when 264170 is divided by 6289.
32
What is the remainder when 26613993 is divided by 67?
52
What is the remainder when 1189809794 is divided by 11774?
11772
What is the remainder when 1851641 is divided by 309?
113
What is the remainder when 5806397 is divided by 662?
657
Calculate the remainder when 1185652 is divided by 893.
641
What is the remainder when 59939242 is divided by 89?
56
What is the remainder when 6987686 is divided by 2329226?
8
Calculate the remainder when 51720284 is divided by 2873349.
2
What is the remainder when 340265 is divided by 11729?
124
What is the remainder when 179208 is divided by 59301?
1305
Calculate the remainder when 58635 is divided by 23259.
12117
Calculate the remainder when 60775 is divided by 1414.
1387
What is the remainder when 113740302 is divided by 3088?
3086
What is the remainder when 3037256 is divided by 192?
8
What is the remainder when 161702 is divided by 2748?
2318
Calculate the remainder when 1585202 is divided by 13210.
2
Calculate the remainder when 11149637 is divided by 309712.
5
Calculate the remainder when 1194289 is divided by 24881.
1
Calculate the remainder when 856515 is divided by 284974.
1593
What is the remainder when 13523669 is divided by 402?
389
Calculate the remainder when 218564 is divided by 116.
20
Calculate the remainder when 61751 is divided by 1434.
89
Calculate the remainder when 2687893 is divided by 7529.
40
Calculate the remainder when 30874 is divided by 2538.
418
Calculate the remainder when 180533 is divided by 64.
53
Calculate the remainder when 5845362 is divided by 219.
33
What is the remainder when 147114 is divided by 3130?
4
What is the remainder when 11699846 is divided by 5912?
5910
Calculate the remainder when 105488 is divided by 1729.
19
Calculate the remainder when 42651 is divided by 10129.
2135
What is the remainder when 836339 is divided by 658?
21
Calculate the remainder when 11511213 is divided by 5755603.
7
What is the remainder when 88988 is divided by 3881?
3606
What is the remainder when 461078 is divided by 461077?
1
Calculate the remainder when 44749946 is divided by 416.
410
What is the remainder when 60245608 is divided by 172?
28
What is the remainder when 30699515 is divided by 787166?
41
Calculate the remainder when 12483351 is divided by 4161103.
42
Calculate the remainder when 203988934 is divided by 68.
18
What is the remainder when 551609 is divided by 658?
205
Calculate the remainder when 499960 is divided by 727.
511
Calculate the remainder when 1394260 is divided by 348563.
8
Calculate the remainder when 31150 is divided by 116.
62
What is the remainder when 352365 is divided by 18507?
732
What is the remainder when 2280895 is divided by 32?
31
What is the remainder when 2870091 is divided by 1861?
429
Calculate the remainder when 2623808 is divided by 5290.
5258
Calculate the remainder when 5132231 is divided by 1710743.
2
Calculate the remainder when 5994803 is divided by 303.
251
What is the remainder when 65009440 is divided by 28829?
45
What is the remainder when 2607725 is divided by 915?
890
What is the remainder when 3018051 is divided by 13064?
267
Calculate the remainder when 989723351 is divided by 211.
210
Calculate the remainder when 2184703 is divided by 6137.
6068
What is the remainder when 24594185 is divided by 53?
12
What is the remainder when 574665 is divided by 14735?
0
What is the remainder when 5659353 is divided by 815?
808
What is the remainder when 823289 is divided by 68604?
41
What is the remainder when 70979860 is divided by 23659947?
19
Calculate the remainder when 23203839 is divided by 2266.
2265
Calculate the remainder when 1121100 is divided by 1850.
0
Calculate the remainder when 1198393 is divided by 26052.
1
What is the remainder when 5503235 is divided by 56?
3
What is the remainder when 6845971 is divided by 12?
7
Calculate the remainder when 5611464 is divided by 623492.
36
What is the remainder when 1232380 is divided by 13110?
40
Calculate the remainder when 24920 is divided by 319.
38
What is the remainder when 22404433 is divided by 4480886?
3
What is the remainder when 5759 is divided by 131?
126
What is the remainder when 13370697 is divided by 12?
9
What is the remainder when 1423060 is divided by 45896?
284
Calculate the remainder when 44741 is divided by 3435.
86
What is the remainder when 862941 is divided by 66380?
1
What is the remainder when 55611 is divided by 119?
38
Calculate the remainder when 38475166 is divided by 1466.
1462
Calculate the remainder when 36512 is divided by 240.
32
What is the remainder when 18288666 is divided by 4537?
19
What is the remainder when 32746060 is divided by 19?
16
Calculate the remainder when 1156299 is divided by 165161.
172
Calculate the remainder when 19191 is divided by 40.
31
Wha